alculate b(-2).
31
Let m(s) = 10*s - 51. Calculate m(5).
-1
Let a(x) = -x**3 + 14*x**2 - 23*x - 14. Calculate a(12).
-2
Let i(m) = m**2 + 5*m - 15. What is i(3)?
9
Let v(r) = -r**2 + 10*r - 6. What is v(15)?
-81
Let k(x) = x**3 + 5*x**2 + 4*x - 2. Give k(-4).
-2
Let j(h) = -h**2 - 4*h + 2. Give j(-4).
2
Let a(u) = 9*u + 100. What is a(-12)?
-8
Let i(z) = 14*z**2 + 1. Give i(1).
15
Let q(m) = -m**3 - 6*m**2 - 5*m + 4. Calculate q(-4).
-8
Let w(k) = -k**2 - 12*k + 13. Give w(-15).
-32
Let m(z) = z**2 + 11*z + 5. Calculate m(-10).
-5
Let q(z) = -z**2 + 10*z - 2. Determine q(10).
-2
Let f(s) = -s**3 - 9*s**2 - 15*s - 5. Calculate f(-8).
51
Let j(f) = 13*f + 5. What is j(3)?
44
Let r(c) = -8*c - 2. Calculate r(-3).
22
Let q(k) = -k**3 + 14*k**2 - 14*k - 10. Calculate q(13).
-23
Let m(c) = 41*c**3 + c**2 + c. Calculate m(-1).
-41
Let v(a) = -a**2 - 15*a - 12. Give v(-9).
42
Let t(u) = u**3 - 3*u - 1. What is t(-2)?
-3
Let y(q) = 47*q**3 + 3*q**2 + 2*q. Calculate y(-1).
-46
Let n(w) = -w**3 + 6*w**2 + 3*w - 1. Give n(7).
-29
Let w(f) = f**3 + 9*f**2 - 5*f - 10. Calculate w(-8).
94
Let f(z) = -29*z - 117. What is f(-4)?
-1
Let g(k) = 154*k + 299. Determine g(-2).
-9
Let w(h) = -h**2 + 9*h - 10. What is w(5)?
10
Let m(h) = -2*h**2 - 20*h - 9. Determine m(-9).
9
Let z(m) = 2*m**3 + 16*m**2 + 22*m + 54. Give z(-7).
-2
Let j(g) = -3*g - 29. What is j(-12)?
7
Let n(d) = d**2 - 3*d - 1. Give n(4).
3
Let z(l) = -2*l + 7. What is z(1)?
5
Let c(f) = 2*f**2 + 26*f + 27. Determine c(-13).
27
Let x(o) = 45*o + 671. Calculate x(-15).
-4
Let k(c) = c**2 + 21*c + 39. Calculate k(-19).
1
Let i(u) = -u**3 + 3*u**2 - 2*u + 3. Calculate i(3).
-3
Let x(k) = 31*k + 1. What is x(1)?
32
Let c(x) = -x**2 + 20*x - 22. Determine c(19).
-3
Let j(w) = -w**3 - 6*w**2 + 14*w - 10. Determine j(-8).
6
Let g(y) = -y**3 + 4*y**2 + 3*y - 2. Determine g(5).
-12
Let g(q) = -q**3 + 10*q**2 + 6*q + 18. Determine g(11).
-37
Let b(a) = -3*a - 7. What is b(-7)?
14
Let l(m) = 38*m**3 + m**2 + m - 1. What is l(1)?
39
Let n(k) = k**2 + 7*k + 9. What is n(-6)?
3
Let b(f) = -2*f**2 - 3*f + 58. Determine b(-11).
-151
Let z(b) = -b**3 - 10*b**2 + 3*b + 14. Give z(-10).
-16
Let g(y) = 3*y - 16. What is g(10)?
14
Let p(t) = t - 6. Give p(-2).
-8
Let u(d) = d**2 - 5*d - 10. What is u(4)?
-14
Let j(g) = -2*g**2 + 14*g - 3. Calculate j(7).
-3
Let h(i) = i**3 - 7*i**2 + 5*i - 1. What is h(6)?
-7
Let s(k) = k**3 - 3*k**2 - 6*k + 6. What is s(3)?
-12
Let g(u) = -u**2 + 11*u + 1. Determine g(11).
1
Let y(b) = -2*b**2 - 43*b - 69. Determine y(-20).
-9
Let g(t) = t**2 - 8*t + 8. Give g(6).
-4
Let u(n) = -n**3 - 6*n**2 - 9*n - 86. Determine u(-6).
-32
Let d(m) = -m**3 - 5*m**2 + 9*m - 10. Calculate d(-7).
25
Let w(r) = r**2 - 7. Determine w(0).
-7
Let p(k) = -k**2 + 5*k + 76. Determine p(11).
10
Let g(b) = b**3 + 31*b**2 + 2*b + 16. Calculate g(-31).
-46
Let m(z) = 9*z + 80. Determine m(-9).
-1
Let h(a) = -38*a + 62. Give h(2).
-14
Let p(w) = -12*w - 2. Determine p(-2).
22
Let i(b) = -b**2 - 4*b - 14. Determine i(10).
-154
Let w(r) = -24*r - 424. What is w(-18)?
8
Let f(g) = g**3 + 8*g**2 - g + 8. What is f(-9)?
-64
Let c(o) = -3*o**2 - 88*o - 319. What is c(-25)?
6
Let k(q) = -4*q**2 - 3*q. What is k(-2)?
-10
Let q(w) = 2*w**3 - 9*w**2 + 5*w - 6. Give q(4).
-2
Let w(q) = -q + 1. What is w(5)?
-4
Let m(f) = -f**3 + 4*f**2 - f - 4. Calculate m(4).
-8
Let b(g) = -g**2 + 5*g - 8. Determine b(3).
-2
Let x(g) = g**2 - g. Give x(-7).
56
Let o(m) = -m**2 + 7*m - 9. Give o(6).
-3
Let t(w) = -5*w**2 - 9*w + 10. What is t(1)?
-4
Let z(f) = f. Calculate z(8).
8
Let f(r) = -r**2 + 3*r + 60. Give f(-6).
6
Let i(z) = -z**3 + 7*z**2 - 4*z + 7. Calculate i(7).
-21
Let s(i) = 24*i - 189. Determine s(8).
3
Let g(n) = -n**2 + 12*n + 10. What is g(11)?
21
Let m(z) = 22*z + 10. Determine m(2).
54
Let p(m) = m**2 - 2*m - 12. Determine p(-8).
68
Let g(n) = -n**3 + 7*n**2 + 12*n + 13. Determine g(9).
-41
Let j(r) = r**3 + 2*r**2 + 2*r + 4. Give j(-3).
-11
Let o(w) = -w + 22. Calculate o(13).
9
Let t(z) = -14*z - 122. Give t(-9).
4
Let g(d) = -3*d**2 + 2*d - 4. Give g(5).
-69
Let a(r) = -r**2 - r + 6. What is a(0)?
6
Let w(j) = 3*j**2 - 8*j + 9. Calculate w(4).
25
Let s(p) = -p**3 - 5*p**2 + 5. Determine s(-6).
41
Let l(o) = -o**3 + 10. Determine l(0).
10
Let p(k) = 20*k**3 + 2*k**2 + 1. Give p(-2).
-151
Let u(h) = -2*h**3 + 31*h**2 + 17*h + 12. Give u(16).
28
Let u(t) = 2*t - 24. Calculate u(-8).
-40
Let m(u) = u**3 - 6*u**2 + 7*u - 5. What is m(5)?
5
Let y(x) = -3*x + 19. Determine y(7).
-2
Let i(u) = 38*u**3 - u**2 - u + 1. Determine i(1).
37
Let n(s) = -5*s - 49. Calculate n(-14).
21
Let r(p) = p**2 + 5. Determine r(0).
5
Let i(d) = -d**2 + 12*d + 12. Determine i(14).
-16
Let j(q) = 3*q - 7. Determine j(4).
5
Let j(v) = v**2 - 108*v + 704. What is j(7)?
-3
Let l(w) = -w**3 - 12*w**2 + w + 10. Determine l(-12).
-2
Let g(j) = -j**3 - 11*j**2 + j + 4. Determine g(-11).
-7
Let b(v) = -23*v**2 + 3*v + 1. What is b(-1)?
-25
Let n(g) = 2*g**3 - 15*g**2 + 13*g + 3. What is n(7)?
45
Let k(f) = -f**2 + 23*f - 45. What is k(21)?
-3
Let a(v) = v**3 + v**2 - 2*v - 4. Give a(-2).
-4
Let x(b) = 8*b**2 + 3*b + 1. What is x(-1)?
6
Let z(u) = u**3 - 5*u**2 + 2*u - 3. What is z(5)?
7
Let m(o) = -o**2 - 2*o + 8. Calculate m(0).
8
Let i(o) = -o**3 - 6*o**2 + 5*o - 4. Give i(-7).
10
Let g(v) = 3*v - 9. What is g(-2)?
-15
Let n(a) = -a**3 + 2*a**2 - 3*a + 13. Determine n(5).
-77
Let o(r) = -r**2 - 8*r + 52. Give o(5).
-13
Let n(c) = -2*c + 58. Determine n(0).
58
Let w(d) = d - 2. Determine w(2).
0
Let n(v) = -v**3 + 2*v**2 - 2. Determine n(3).
-11
Let y(s) = 2*s**2 + 58*s + 234. Give y(-24).
-6
Let h(x) = x**3 + 10*x**2 + 10*x + 22. What is h(-9)?
13
Let m(b) = -b**2 + 35*b - 101. What is m(32)?
-5
Let z(t) = -t**3 + 6*t**2 + 5*t + 4. Calculate z(8).
-84
Let n(j) = -j**2 - 4*j - 1. Give n(-5).
-6
Let c(h) = -h**2 - 2*h - 2. Calculate c(-9).
-65
Let x(k) = 7*k + 5. What is x(0)?
5
Let r(n) = n**2 - 22*n + 27. Give r(21).
6
Let h(d) = -d**3 - 10*d**2 + 8*d - 24. Determine h(-11).
9
Let x(v) = -v**2 + 36*v - 142. Determine x(32).
-14
Let q(a) = -a**2 + 4*a + 2. Calculate q(5).
-3
Let t(i) = i**3 + 22*i**2 - i - 30. Calculate t(-22).
-8
Let n(h) = 6*h - 1. Determine n(-2).
-13
Let f(i) = -8*i**2 - 2*i. Determine f(2).
-36
Let v(y) = -11*y - 213. What is v(-20)?
7
Let m(l) = -l**3 - 12*l**2 + 14*l + 6. Calculate m(-13).
-7
Let w(v) = -v**2 + 13*v + 15. Determine w(13).
15
Let c(s) = -2*s**2 - 18*s + 1. Give c(-9).
1
Let u(t) = t**3 - 9*t**2 - 10*t - 12. What is u(10)?
-12
Let s(b) = 26*b**3 - 2*b**2 + 3*b - 2. Determine s(1).
25
Let t(m) = -10*m - 5. What is t(-4)?
35
Let m(b) = -62*b - 106. Determine m(-3).
80
Let t(m) = m**3 - 8*m**2 + 16*m - 145. Determine t(8).
-17
Let x(k) = -13*k + 96. What is x(8)?
-8
Let b(l) = -l**3 + l**2 - 3*l + 5. Calculate b(4).
-55
Let i(j) = j**3 - 11*j**2 + 11*j - 1. What is i(10)?
9
Let s(i) = i**2 + i + 73. What is s(0)?
73
Let q(y) = 6*y + 6. What is q(-2)?
-6
Let h(q) = q**2 - 7*q + 18. What is h(5)?
8
Let x(q) = -q**2 + 19*q - 72. Give x(10).
18
Let v(h) = h**3 - 10*h**2 + 11*h - 4. Give v(9).
14
Let w(r) = -4*r + 129. What is w(34)?
-7
Let k(a) = a**3 + 5*a**2 + 2*a + 3. Calculate k(-3).
15
Let q(z) = -2*z + 33. What is q(16)?
1
Let a(w) = -3*w - 6. Give a(-4).
6
Let a(v) = -12*v + 154. Give a(16).
-38
Let r(p) = -p**2 + 14*p + 13. Calculate r(15).
-2
Let a(m) = 3*m**3 - m + 1. Calculate a(2).
23
Let u(l) = 21*l - 23. Calculate u(1).
-2
Let f(g) = -g**2 + 5*g + 34. Give f(9).
-2
Let j(c) = -c - 7. What is j(-6)?
-1
Let a(z) = -4*z**2 + 6*z - 4. Calculate a(2).
-8
Let l(u) = -3*u**3 + 10*u - 8. Give l(-3).
43
Let x(c) = -c**2 + 9*c - 9. What is x(6)?
9
Let g(m) = -m**2 - 3*m - 98. Give g(0).
-98
Let z(l) = -2*l**2 - 3*l + 3. Calculate z(-3).
-6
Let u(t) = t**2 - 9*t - 3. Determine u(10).
7
Let l(k) = 12*k - 164. Determine l(14).
4
Let h(g) = -6*g - 1. What is h(4)?
-25
Let z(u) = u + 3. Give z(-7).
-4
Let w(o) = -12*o + 90. Calculate w(7).
6
Let s(w) = -2*w + 29. What is s(16)?
-3
Let g(c) = -c - 4. Give g(7).
-11
Let r(w) = -5*w + 11. What is r(0)?
11
Let y(n) = n. Determine y(-19).
-19
Let z(v) = 6*v + 8. Give z(-5).
-22
Let y(g) = g**3 + 7*g**2 + 6*g - 12. Determine y(-5).
8
Let c(h) = -h**2 + h - 23. What is c(0)